 u(w) = 4*w**3 - w**2 - w. Calculate u(k).
-4
Suppose 3*t = 4*t + 1, 3*l - 4*t = -29. Let n(k) = 10*k + 103. Determine n(l).
-7
Let v(i) = 3*i - i + 0*i. Let r(x) = -300*x + 3909. Let o be r(13). Calculate v(o).
18
Suppose 7*l = 6*l - 6. Let a be l + 4 - 1/(2/(-4)). Let t(y) = -y**2 + y + 6. Determine t(a).
6
Let f = -3 + 3. Suppose 5*r + o - 1234 = 0, 2*r + 2*r - 984 = -4*o. Let d(t) = -2 - 4 + 248*t - r*t. Determine d(f).
-6
Let q(g) be the third derivative of 0 + 3/2*g**3 - 48*g**2 + 3*g + 1/8*g**4. Calculate q(-5).
-6
Suppose 0*g = 2*g - 4. Let y = -222 + 542. Let n(k) = 312 - k**2 - y + 7*k + 0*k**g. What is n(6)?
-2
Let b = 3072 - 3081. Let s(x) be the first derivative of x**2/2 - 4*x - 12. Calculate s(b).
-13
Let l(q) = -12*q + 85. Let t(z) = -2*z. Let n(i) = l(i) - 5*t(i). Calculate n(26).
33
Let o(x) be the second derivative of -x**4/12 + 11*x**3/6 - 3*x**2/2 - 50859*x. Suppose -4*t + 13 + 23 = 0. Calculate o(t).
15
Let b = -381 - -616. Let a(v) = 238 + 2*v + b - 468. Let o(g) = -g**3 - 4*g**2 - 2*g - 1. Let j be o(-3). What is a(j)?
-3
Let c(r) = -6*r**3 + 30*r**2 + 2*r + 13. Let x(n) = -n**3 + 6*n**2 + 2. Let y(i) = -c(i) + 5*x(i). Determine y(0).
-3
Let t(s) = 2*s + 10. Suppose 0 = -2*x - 5*b + 15, b - 3 = -5*x - 0*x. Give t(x).
10
Let l(m) = -24 - 12 + 10 + 44*m - 7 + 7*m**2 - m**3 - 35*m. What is l(8)?
-25
Let s(h) = 4*h + 7 - 3 - 5*h - h**2. Let g(x) = 114*x - 566. Let q be g(5). Determine s(q).
-16
Let v(n) be the second derivative of -n**4/12 + 7*n**3/6 - 3*n**2/2 - 2*n - 136. Suppose 3*p = -h - 28, 3*h + 3*p + 92 = -2*h. Let d = h + 23. Determine v(d).
-3
Let o = 172 - 161. Suppose o = -7*v + 67. Let l(s) = 2*s**2 + 4*s + 3. Let m(z) = -3*z**2 - 9*z - 6. Let j(f) = 5*l(f) + 3*m(f). Determine j(v).
5
Let g(x) be the third derivative of 9*x**4/8 + 236*x**3/3 - x**2 + 749*x + 5. Determine g(-17).
13
Let z be (2 + -1)/(2280/1824) + 11/(-15). Let l(t) be the third derivative of 1/6*t**4 + z*t**5 + 9*t**2 + 1/120*t**6 + 0*t + 1/2*t**3 + 0. Determine l(-2).
3
Let l(o) = -o**3 - 12*o**2 + 9. Let f be l(-12). Suppose -3*p - f = -p - 3*b, 4*b + 16 = -2*p. Let a(r) = 1 - r - r**2 + 4 - 4*r - 9 - 2*r. Determine a(p).
2
Let t be -9*((20/(-70) - (-208)/42) + -4). Let i(b) be the first derivative of -b**3/3 - b**2/2 + 6*b + 2. Give i(t).
-24
Let c be (-7)/(-119) - ((-105)/140 - 842/136). Let k(i) = i. Let w(d) = -d - 5. Let m(l) = -2*k(l) - w(l). Give m(c).
-2
Let m(t) be the first derivative of 5*t**4/2 - 2*t**3/3 + t**2/2 + 288. Let f(y) = 22*y**3 - 4*y**2 + 2*y. Let r(q) = 2*f(q) - 5*m(q). Determine r(1).
-5
Let q(g) be the first derivative of g + 13/2*g**2 - 4. Let u be ((-2)/(-28)*2)/(328/2296). What is q(u)?
14
Let m(j) = -20*j**3 - 31*j**2 + 27*j - 37. Let v(n) = 9*n**3 + 15*n**2 - 14*n + 17. Let o(l) = 5*m(l) + 11*v(l). Calculate o(2).
-4
Let h = 566 + -564. Let p(w) = 14*w + 2. Let u(f) = -5*f - 1. Let o(l) = -3*p(l) - 8*u(l). Calculate o(h).
-2
Let t(n) be the second derivative of -n**6/360 + n**5/120 - n**4/8 + 10*n**3 + n + 2. Let v(j) be the second derivative of t(j). Determine v(3).
-9
Let r(y) = -24*y - 291. Let x(m) = -11*m - 130. Let s(t) = -6*r(t) + 13*x(t). Calculate s(-11).
45
Let y(n) = -2*n**2 + 16698*n**3 + 29 - 16697*n**3 + 7*n**2 + 2*n + 6*n. Determine y(-5).
-11
Let q(o) = -o - 1. Let a(t) = -t**3 - 5*t**2 + 5*t - 6. Let s = 45 - 51. Let h be a(s). Suppose h = -m - 2*r, 2*m - 3*r = -0 + 7. Give q(m).
-3
Let s(i) be the second derivative of 24 + 2*i + 2*i**2 - 1/2*i**3. Give s(2).
-2
Let v be ((-6)/18*3)/(22/242). Let l(c) = c**2 + 21*c + 107. Give l(v).
-3
Let r be (1 - 1)*(2 - 77/33). Let x(b) = -4*b**3 + b + 1. Let n(c) = 9*c**3 - 2*c - 1. Let l(k) = 3*n(k) + 7*x(k). Calculate l(r).
4
Let b(y) = 59*y + 65. Let c be 2 + 3 + 216/(-18)*(-1)/(-2). Give b(c).
6
Let k(h) = 6*h - 10. Suppose 293*z + 3*n + 31 = 297*z, 5*z + 4*n = 0. Determine k(z).
14
Let g(q) be the third derivative of 0 + 1/60*q**5 + q**2 + 1/6*q**3 + 1/24*q**4 - 20*q. Determine g(0).
1
Suppose -2*x - 5*c = -0*x - 25, -25 = x - 5*c. Let p(i) = 4 + i**2 + 5*i + 0*i + x*i - 3. Let g(s) = -35*s + 205. Let l be g(6). Determine p(l).
1
Suppose -2*v + 279 = 16*f - 13*f, 465 = 5*f + v. Let c = 93 - f. Let b(r) = r**3 - r**2 - r - 5. Calculate b(c).
-5
Let b(y) = 2*y - 42. Let t = -34 + 56. Let w be b(t). Let c(h) = -21 - 27 + 45 + w*h**2 + 3*h. Determine c(-4).
17
Suppose 58 - 28 = 5*o. Let v(m) = 4*m - 9. Let f(h) = h - 2 + 1 + 0*h. Let c(k) = 2*f(k) - v(k). What is c(o)?
-5
Let v(u) be the second derivative of u**4/12 - 4*u**3 - 93*u**2 - 14333*u. Calculate v(-7).
31
Let y(l) be the second derivative of 1/120*l**5 + 0 + 1/24*l**4 + 0*l**2 + 27*l + 5/6*l**3. Let d(f) be the second derivative of y(f). Give d(7).
8
Let y(f) = -56*f - 24. Let t(z) = -91*z - 38. Let g(o) = -5*t(o) + 8*y(o). Suppose -5*h + 0*h = 15. What is g(h)?
-23
Let d(c) = c**3 - 7*c**2 + 5*c - 33. Suppose 28 = 5*f + w, 227*w - 232*w = 4*f + 7. Calculate d(f).
2
Let q = 55 + 35. Let w(d) = 4*d + 75*d**2 + q*d**2 - 164*d**2 - 1. Calculate w(-4).
-1
Let l(d) = -3*d**3 - 72*d**2 - 66*d - 45. Let u(z) = -z**3 - 26*z**2 - 23*z - 15. Let a(y) = -3*l(y) + 8*u(y). Give a(-6).
3
Let u = 1 - -5. Suppose 3*k - 3 = 0, -4*y = -3*k + 1 - 6. Let d(h) = -8*h + 1248 - 621 - 622 + h**y. Calculate d(u).
-7
Suppose f - v = 12 - 13, f = -v + 3. Let o(c) = 76*c**2 - c. Give o(f).
75
Suppose 20 = 7*d - 8. Suppose 0*j + d = -j, -c = j + 2. Suppose 4*x - 3*r = -27, c*x - 5 + 21 = 4*r. Let u(p) = -p**2 - 5*p - 1. Calculate u(x).
-7
Let q(z) = -z + 1. Let f(o) = 10 - 2*o - 12*o + 3*o. Let c = -257 - -255. Let g(p) = c*f(p) + 18*q(p). What is g(2)?
6
Let h be (3/6)/((-2)/16). Let n(k) be the second derivative of 2/3*k**3 + 6*k - 1/20*k**5 - 9 + k**2 - 1/4*k**4. Calculate n(h).
2
Let v = -34 - -20. Let t = v + 17. Let g(h) be the first derivative of -h**2/2 + 3*h + 324. Determine g(t).
0
Let b(k) = k**2 + 8*k - 1. Let r(h) = h**2 - 10*h - 16. Let f be r(13). Suppose 0 = 2*u + 3*d + d + 2, -2*u + 3*d = f. Give b(u).
-8
Suppose -10 = -9*l + 37 + 43. Let v(d) = 6*d + 17. Give v(l).
77
Suppose 537*y - 80 = 517*y - 0. Let i(o) = -23*o + 95. Calculate i(y).
3
Let o(t) = 9*t + 3. Suppose -163*g + 159*g = -156. Let x(v) = -41*v**3 - v**2 + 1. Let z be x(-1). Let w = g - z. Determine o(w).
-15
Let m = -7510 + 7527. Let l(d) = -d**3 + 18*d**2 - 16*d - 9. What is l(m)?
8
Let s(b) = -2*b - 24. Let i(n) = -18*n - 122. Let q be i(-7). Let d be (-625)/75 - q/6. Calculate s(d).
-6
Let j(a) be the second derivative of -3*a**3/2 + 117*a**2/2 + 2089*a. Determine j(13).
0
Let y(h) be the second derivative of h**5/20 - h**4/6 - h**3/3 - 5*h**2 + 3*h + 224. Calculate y(5).
55
Let q = -66 - 29. Let o = q - -102. Let i(v) = -v**2 + 5*v + 3. Determine i(o).
-11
Let d(o) be the first derivative of -o - 119 - 2/3*o**3 - 5*o**2. Calculate d(-7).
-29
Let b(l) = l**2 + 6*l + 2. Let m(v) = 10*v + 6. Let f be m(1). Suppose -f = 1478*u - 1474*u. What is b(u)?
-6
Let m = 9590 + -9604. Let l(q) = -q**2 - 18*q - 35. What is l(m)?
21
Let b(c) = 2 + 3 - c**2 - 2 + 115*c - 138*c. Give b(-23).
3
Let s(n) = -52*n - 1. Let a(z) = 31*z - 1. Let b(v) = 5*a(v) + 3*s(v). Suppose -4*o = -0*o, 3*o = -2*t - 14. Determine b(t).
-1
Let p(f) = -45*f - 276. Let t = 12584 - 12590. What is p(t)?
-6
Let h(n) be the first derivative of -19*n**2/2 - 2*n + 3092. What is h(2)?
-40
Let d(c) = 368*c + 1452. Let s be d(-4). Let r(p) = p**2 + 24*p + 86. Determine r(s).
6
Let q(z) = -5*z. Let k(h) = -h. Let t(n) = 6*k(n) - q(n). Suppose -6*u + 3*x - 5 = -5*u, -3 = -u + x. Let j = u + -15. Give t(j).
8
Suppose 0 = -4*f + 5*d + 736, 709 = 3*f - 3*d + 154. Suppose 35*m - f = 371. Let n(r) = r**2 - 13*r - 39. What is n(m)?
9
Let l(f) = -f**3 + 9*f**2 + 25*f - 34. Let p(v) = -2*v**3 - 19*v**2 - 11*v - 7. Let n be p(-9). Calculate l(n).
-1
Let i(x) = -2*x**2 - 14*x - 2. Let l(r) = r**3 + r**2 - r + 1. Let b be l(0). Let p be ((-2)/((-2)/(-7)))/b. Let s be i(p). Let a(g) = 5*g + 1. Give a(s).
-9
Suppose -5*o = -h - 41, -2*o + 4*h + 19 + 19 = 0. Let z(b) = -b**2 - 4*b + 73. What is z(o)?
-4
Let c be 4/6*(-4)/(24/(-9)). Let n be (c - 1)*(-2 + 5 - 4). Let p(z) = -4*z + n*z**2 - 33 + z**2 + 26. Give p(5).
-2
Let c be (3/(-21) + 656/(-112))*3/(-6). Let q(k) be the third derivative of -1/24*